{"id":99,"date":"2016-05-13T18:11:53","date_gmt":"2016-05-13T16:11:53","guid":{"rendered":"http:\/\/www.freidenker.org\/fw17\/?page_id=99"},"modified":"2026-03-25T03:41:53","modified_gmt":"2026-03-25T02:41:53","slug":"verbandsorgan","status":"publish","type":"page","link":"https:\/\/www.freidenker.org\/?page_id=99","title":{"rendered":"Verbandsorgan FREIDENKER &#8211; Vertrieb"},"content":{"rendered":"<p><strong>Verbandsorgan des Deutschen Freidenker-Verbandes e.V. abonnieren bzw. Einzelhefte bestellen<\/strong><\/p>\n<p><img data-recalc-dims=\"1\" loading=\"lazy\" decoding=\"async\" data-attachment-id=\"1076\" data-permalink=\"https:\/\/www.freidenker.org\/?attachment_id=1076\" data-orig-file=\"https:\/\/i0.wp.com\/www.freidenker.org\/fw17\/wp-content\/uploads\/2017\/10\/pdf_icon-2.png?fit=32%2C32&amp;ssl=1\" data-orig-size=\"32,32\" data-comments-opened=\"0\" data-image-meta=\"{&quot;aperture&quot;:&quot;0&quot;,&quot;credit&quot;:&quot;&quot;,&quot;camera&quot;:&quot;&quot;,&quot;caption&quot;:&quot;&quot;,&quot;created_timestamp&quot;:&quot;0&quot;,&quot;copyright&quot;:&quot;&quot;,&quot;focal_length&quot;:&quot;0&quot;,&quot;iso&quot;:&quot;0&quot;,&quot;shutter_speed&quot;:&quot;0&quot;,&quot;title&quot;:&quot;&quot;,&quot;orientation&quot;:&quot;0&quot;}\" data-image-title=\"pdf_icon\" data-image-description=\"\" data-image-caption=\"\" data-large-file=\"https:\/\/i0.wp.com\/www.freidenker.org\/fw17\/wp-content\/uploads\/2017\/10\/pdf_icon-2.png?fit=32%2C32&amp;ssl=1\" class=\"alignnone size-full wp-image-1076\" src=\"https:\/\/i0.wp.com\/www.freidenker.org\/fw17\/wp-content\/uploads\/2017\/10\/pdf_icon-2.png?resize=32%2C32&#038;ssl=1\" alt=\"\" width=\"32\" height=\"32\" \/> <strong><a href=\"https:\/\/www.freidenker.org\/fw17\/wp-content\/uploads\/2024\/06\/Bestellschein_Freidenker_2024_v5.pdf\" target=\"_blank\" rel=\"noopener noreferrer\">Bestellformular<\/a><\/strong> * (ca. 93 KB) f\u00fcr den FREIDENKER auf Ihren Computer speichern, ausf\u00fcllen und per Post schicken an:<\/p>\n<p><strong>Deutscher Freidenker-Verband e.V.<\/strong><br \/>\n<strong>FREIDENKER-Vertrieb<\/strong><br \/>\n<strong>Postfach 600721<\/strong><br \/>\n<strong>60337 Frankfurt a.M.<\/strong><\/p>\n<p>oder \u00fcber E-Mail an <a href=\"mailto:abo@freidenker.de\">abo@freidenker.de<\/a> bzw. <a href=\"mailto:vertrieb@freidenker.de\">vertrieb@freidenker.de<\/a> senden.<\/p>\n<p>Bezugspreis j\u00e4hrlich: 10 \u20ac plus Versand<br \/>\nEinzelheft: 2,50 \u20ac plus Versand<\/p>\n<p>F\u00fcr Mitglieder des DFV ist der Bezugspreis des FREIDENKER im Mitgliedsbeitrag enthalten.<\/p>\n<p>Die Redaktion des FREIDENKER\u00a0 ist erreichbar \u00fcber die E-Mail-Adresse\u00a0\u00a0<a href=\"mailto:redaktion@freidenker.de\">redaktion@freidenker.de<\/a>.<\/p>\n<hr \/>\n<p><span style=\"font-size: 10pt;\">* = Zum Download klicken Sie mit der rechten Maustaste auf den\u00a0 Download-Link neben dem PDF-Symbol und w\u00e4hlen Sie im Kontextmen\u00fc \u201eZiel speichern unter\u201c o.\u00e4. [Funktion ist in verschiedenen Browsern abweichend benannt].<br \/>\nSie k\u00f6nnen das Formular ausdrucken, per Hand ausf\u00fcllen und unterschrieben an uns senden.<br \/>\nAlternativ k\u00f6nnen Sie das Formular direkt am Bildschirm ausf\u00fcllen, anschlie\u00dfend ausdrucken, unterschreiben und an uns senden.<\/span><\/p>\n<hr \/>\n<p><strong>Derzeit sind folgende Einzelausgaben lieferbar:<\/strong><\/p>\n<table style=\"height: 336px; width: 34.4053%;\">\n<tbody>\n<tr style=\"height: 24px;\">\n<td style=\"width: 23.2824%; height: 24px;\"><\/td>\n<td style=\"width: 24.4275%; height: 24px;\"><a href=\"https:\/\/www.freidenker.org\/?p=748\">2-11<\/a><\/td>\n<td style=\"width: 24.4275%; height: 24px;\"><\/td>\n<td style=\"width: 94.0024%; height: 24px;\"><a href=\"https:\/\/www.freidenker.org\/?p=752\">4-11<\/a><\/td>\n<\/tr>\n<tr style=\"height: 24px;\">\n<td style=\"width: 23.2824%; height: 24px;\"><\/td>\n<td style=\"width: 24.4275%; height: 24px;\"><a href=\"https:\/\/www.freidenker.org\/?p=758\">2-12<\/a><\/td>\n<td style=\"width: 24.4275%; height: 24px;\"><\/td>\n<td style=\"width: 94.0024%; height: 24px;\"><a href=\"https:\/\/www.freidenker.org\/?p=768\">4-12<\/a><\/td>\n<\/tr>\n<tr style=\"height: 24px;\">\n<td style=\"width: 23.2824%; height: 24px;\"><a href=\"https:\/\/www.freidenker.org\/?p=772\">1-13<\/a><\/td>\n<td style=\"width: 24.4275%; height: 24px;\"><a href=\"https:\/\/www.freidenker.org\/?p=775\">2-13<\/a><\/td>\n<td style=\"width: 24.4275%; height: 24px;\"><a href=\"https:\/\/www.freidenker.org\/?p=783\">3-13<\/a><\/td>\n<td style=\"width: 94.0024%; height: 24px;\"><\/td>\n<\/tr>\n<tr style=\"height: 24px;\">\n<td style=\"width: 23.2824%; height: 24px;\"><\/td>\n<td style=\"width: 24.4275%; height: 24px;\"><a href=\"https:\/\/www.freidenker.org\/?p=800\">2-14<\/a><\/td>\n<td style=\"width: 24.4275%; height: 24px;\"><a href=\"https:\/\/www.freidenker.org\/?p=804\">3-14<\/a><\/td>\n<td style=\"width: 94.0024%; height: 24px;\"><a href=\"https:\/\/www.freidenker.org\/?p=807\">4-14<\/a><\/td>\n<\/tr>\n<tr style=\"height: 24px;\">\n<td style=\"width: 23.2824%; height: 24px;\"><a href=\"https:\/\/www.freidenker.org\/?p=821\">1-15<\/a><\/td>\n<td style=\"width: 24.4275%; height: 24px;\"><a href=\"https:\/\/www.freidenker.org\/?p=824\">2-15<\/a><\/td>\n<td style=\"width: 24.4275%; height: 24px;\"><a href=\"https:\/\/www.freidenker.org\/?p=835\">3-15<\/a><\/td>\n<td style=\"width: 94.0024%; height: 24px;\"><a href=\"https:\/\/www.freidenker.org\/?p=840\">4-15<\/a><\/td>\n<\/tr>\n<tr style=\"height: 24px;\">\n<td style=\"width: 23.2824%; height: 24px;\"><a href=\"https:\/\/www.freidenker.org\/?p=850\">1-16<\/a><\/td>\n<td style=\"width: 24.4275%; height: 24px;\"><a href=\"https:\/\/www.freidenker.org\/?p=1067\">2-16<\/a><\/td>\n<td style=\"width: 24.4275%; height: 24px;\"><a href=\"https:\/\/www.freidenker.org\/?p=1079\">3-16<\/a><\/td>\n<td style=\"width: 94.0024%; height: 24px;\"><a href=\"https:\/\/www.freidenker.org\/?p=1082\">4-16<\/a><\/td>\n<\/tr>\n<tr style=\"height: 24px;\">\n<td style=\"width: 23.2824%; height: 24px;\"><a href=\"https:\/\/www.freidenker.org\/?p=1084\">1-17<\/a><\/td>\n<td style=\"width: 24.4275%; height: 24px;\"><a href=\"https:\/\/www.freidenker.org\/?p=1087\">2-17<\/a><\/td>\n<td style=\"width: 24.4275%; height: 24px;\"><a href=\"https:\/\/www.freidenker.org\/?p=1089\">3-17<\/a><\/td>\n<td style=\"width: 94.0024%; height: 24px;\"><a href=\"https:\/\/www.freidenker.org\/?p=1094\">4-17<\/a><\/td>\n<\/tr>\n<tr style=\"height: 24px;\">\n<td style=\"width: 23.2824%; height: 24px;\"><a href=\"https:\/\/www.freidenker.org\/?p=4850\">1-18<\/a><\/td>\n<td style=\"width: 24.4275%; height: 24px;\"><a href=\"https:\/\/www.freidenker.org\/?p=5198\">2-18<\/a><\/td>\n<td style=\"width: 24.4275%; height: 24px;\"><a href=\"https:\/\/www.freidenker.org\/?p=5422\">3-18<\/a><\/td>\n<td style=\"width: 94.0024%; height: 24px;\"><a href=\"https:\/\/www.freidenker.org\/?p=5589\">4-18<\/a><\/td>\n<\/tr>\n<tr style=\"height: 24px;\">\n<td style=\"width: 23.2824%; height: 24px;\"><a href=\"https:\/\/www.freidenker.org\/?p=6028\">1-19<\/a><\/td>\n<td style=\"width: 24.4275%; height: 24px;\"><a href=\"https:\/\/www.freidenker.org\/?p=6497\">2-19<\/a><\/td>\n<td style=\"width: 24.4275%; height: 24px;\"><a href=\"https:\/\/www.freidenker.org\/?p=6996\">3-19<\/a><\/td>\n<td style=\"width: 94.0024%; height: 24px;\"><a href=\"https:\/\/www.freidenker.org\/?p=7313\">4-19<\/a><\/td>\n<\/tr>\n<tr style=\"height: 24px;\">\n<td style=\"width: 23.2824%; height: 24px;\"><a href=\"https:\/\/www.freidenker.org\/?p=7741\">1-20<\/a><\/td>\n<td style=\"width: 24.4275%; height: 24px;\"><a href=\"https:\/\/www.freidenker.org\/?p=8263\">2-20<\/a><\/td>\n<td style=\"width: 24.4275%; height: 24px;\"><a href=\"https:\/\/www.freidenker.org\/?p=8677\">3-20<\/a><\/td>\n<td style=\"width: 94.0024%; height: 24px;\"><a href=\"https:\/\/www.freidenker.org\/?p=9101\">4-20<\/a><\/td>\n<\/tr>\n<tr style=\"height: 24px;\">\n<td style=\"width: 23.2824%; height: 24px;\"><a href=\"https:\/\/www.freidenker.org\/?p=9772\">1-21<\/a><\/td>\n<td style=\"width: 24.4275%; height: 24px;\"><a href=\"https:\/\/www.freidenker.org\/?p=10640\">2-21<\/a><\/td>\n<td style=\"width: 24.4275%; height: 24px;\"><a href=\"https:\/\/www.freidenker.org\/?p=11259\">3-21<\/a><\/td>\n<td style=\"width: 94.0024%; height: 24px;\"><a href=\"https:\/\/www.freidenker.org\/?p=11872\">4-21<\/a><\/td>\n<\/tr>\n<tr style=\"height: 24px;\">\n<td style=\"width: 23.2824%; height: 24px;\"><a href=\"https:\/\/www.freidenker.org\/?p=12821\">1-22<\/a><\/td>\n<td style=\"width: 24.4275%; height: 24px;\"><a href=\"https:\/\/www.freidenker.org\/?p=13817\">2-22<\/a><\/td>\n<td style=\"width: 24.4275%; height: 24px;\"><a href=\"https:\/\/www.freidenker.org\/?p=14241\">3-22<\/a><\/td>\n<td style=\"width: 94.0024%; height: 24px;\"><a href=\"https:\/\/www.freidenker.org\/?p=14877\">4-22<\/a><\/td>\n<\/tr>\n<tr style=\"height: 24px;\">\n<td style=\"width: 23.2824%; height: 24px;\"><a href=\"https:\/\/www.freidenker.org\/?p=15624\">1-23<\/a><\/td>\n<td style=\"width: 24.4275%; height: 24px;\"><a href=\"https:\/\/www.freidenker.org\/?p=16376\">2-23<\/a><\/td>\n<td style=\"width: 24.4275%; height: 24px;\"><a href=\"https:\/\/www.freidenker.org\/?p=16951\">3-23<\/a><\/td>\n<td style=\"width: 94.0024%; height: 24px;\"><a href=\"https:\/\/www.freidenker.org\/?p=17710\">4-23<\/a><\/td>\n<\/tr>\n<tr style=\"height: 24px;\">\n<td style=\"width: 23.2824%; height: 24px;\"><a href=\"https:\/\/www.freidenker.org\/?p=18593\">1-24<\/a><\/td>\n<td style=\"width: 24.4275%; height: 24px;\"><a href=\"https:\/\/www.freidenker.org\/?p=19405\">2-24<\/a><\/td>\n<td style=\"width: 24.4275%; height: 24px;\"><a href=\"https:\/\/www.freidenker.org\/?p=19927\">3-24<\/a><\/td>\n<td style=\"width: 94.0024%; height: 24px;\"><a href=\"https:\/\/www.freidenker.org\/?p=20594\">4-24<\/a><\/td>\n<\/tr>\n<tr>\n<td style=\"width: 23.2824%;\"><a href=\"https:\/\/www.freidenker.org\/?p=21258\">1-25<\/a><\/td>\n<td style=\"width: 24.4275%;\"><a href=\"https:\/\/www.freidenker.org\/?p=22283\">2-25<\/a><\/td>\n<td style=\"width: 24.4275%;\"><a href=\"https:\/\/www.freidenker.org\/?p=22923\">3-25<\/a><\/td>\n<td style=\"width: 94.0024%;\"><a href=\"https:\/\/www.freidenker.org\/?p=23957\">4-25<\/a><\/td>\n<\/tr>\n<tr>\n<td style=\"width: 23.2824%;\"><a href=\"https:\/\/www.freidenker.org\/?p=24644\">1-26<\/a><\/td>\n<td style=\"width: 24.4275%;\"><\/td>\n<td style=\"width: 24.4275%;\"><\/td>\n<td style=\"width: 94.0024%;\"><\/td>\n<\/tr>\n<\/tbody>\n<\/table>\n<p>Weitere Hefte ggf. auf Anfrage.<\/p>\n<hr \/>\n<ul>\n<li>Hier geht es zur <a href=\"https:\/\/www.freidenker.org\/?cat=8\">\u00dcbersicht der FREIDENKER-Hefte<\/a>.<\/li>\n<li>Verf\u00fcgbare Online-Ausgaben finden Sie <a href=\"https:\/\/www.freidenker.org\/?page_id=1682\">hier<\/a>.<\/li>\n<\/ul>\n<p>&nbsp;<\/p>\n<p><img data-recalc-dims=\"1\" loading=\"lazy\" decoding=\"async\" data-attachment-id=\"2472\" data-permalink=\"https:\/\/www.freidenker.org\/?attachment_id=2472\" data-orig-file=\"https:\/\/i0.wp.com\/www.freidenker.org\/fw17\/wp-content\/uploads\/2017\/11\/FD_Versand_v2.jpg?fit=800%2C445&amp;ssl=1\" data-orig-size=\"800,445\" data-comments-opened=\"0\" data-image-meta=\"{&quot;aperture&quot;:&quot;0&quot;,&quot;credit&quot;:&quot;&quot;,&quot;camera&quot;:&quot;&quot;,&quot;caption&quot;:&quot;&quot;,&quot;created_timestamp&quot;:&quot;0&quot;,&quot;copyright&quot;:&quot;&quot;,&quot;focal_length&quot;:&quot;0&quot;,&quot;iso&quot;:&quot;0&quot;,&quot;shutter_speed&quot;:&quot;0&quot;,&quot;title&quot;:&quot;&quot;,&quot;orientation&quot;:&quot;0&quot;}\" data-image-title=\"FD_Versand_v2\" data-image-description=\"\" data-image-caption=\"\" data-large-file=\"https:\/\/i0.wp.com\/www.freidenker.org\/fw17\/wp-content\/uploads\/2017\/11\/FD_Versand_v2.jpg?fit=800%2C445&amp;ssl=1\" class=\"alignnone size-full wp-image-2472\" src=\"https:\/\/i0.wp.com\/www.freidenker.org\/fw17\/wp-content\/uploads\/2017\/11\/FD_Versand_v2.jpg?resize=800%2C445&#038;ssl=1\" alt=\"\" width=\"800\" height=\"445\" srcset=\"https:\/\/i0.wp.com\/www.freidenker.org\/fw17\/wp-content\/uploads\/2017\/11\/FD_Versand_v2.jpg?w=800&amp;ssl=1 800w, https:\/\/i0.wp.com\/www.freidenker.org\/fw17\/wp-content\/uploads\/2017\/11\/FD_Versand_v2.jpg?resize=300%2C167&amp;ssl=1 300w, https:\/\/i0.wp.com\/www.freidenker.org\/fw17\/wp-content\/uploads\/2017\/11\/FD_Versand_v2.jpg?resize=768%2C427&amp;ssl=1 768w\" sizes=\"auto, (max-width: 800px) 100vw, 800px\" \/><br \/>\n<span style=\"font-size: 10pt;\">Collage: Ralf Lux<\/span><\/p>\n<p>&nbsp;<\/p>\n","protected":false},"excerpt":{"rendered":"<p>Verbandsorgan des Deutschen Freidenker-Verbandes e.V. abonnieren bzw. Einzelhefte bestellen Bestellformular * (ca. 93 KB) f\u00fcr den FREIDENKER auf Ihren Computer<\/p>\n","protected":false},"author":2,"featured_media":2472,"parent":1908,"menu_order":0,"comment_status":"closed","ping_status":"closed","template":"","meta":{"colormag_page_container_layout":"default_layout","colormag_page_sidebar_layout":"default_layout","advanced_seo_description":"","jetpack_seo_html_title":"","jetpack_seo_noindex":false,"jetpack_post_was_ever_published":false,"footnotes":""},"class_list":["post-99","page","type-page","status-publish","has-post-thumbnail","hentry"],"jetpack_shortlink":"https:\/\/wp.me\/P9stpK-1B","jetpack-related-posts":[{"id":77,"url":"https:\/\/www.freidenker.org\/?page_id=77","url_meta":{"origin":99,"position":0},"title":"Mitmachen","author":"Webmaster","date":"13. Mai 2016","format":false,"excerpt":"Freies Denken ist nicht nur Privatsache. Wer sich gegen Gehirnw\u00e4sche und Volksverdummung durch Medien, Geheimdienste, Milit\u00e4r, diversen Stiftungen, Kirchen usw. gemeinsam mit anderen zur Wehr setzen will, ist im Deutschen Freidenker-Verband willkommen. Mitglied oder F\u00f6rdermitglied im Deutschen Freidenker-Verband e. V. werden Mitgliedsantrag f\u00fcr den Deutschen Freidenker-Verband e. V. auf dem\u2026","rel":"","context":"\u00c4hnlicher Beitrag","block_context":{"text":"\u00c4hnlicher Beitrag","link":""},"img":{"alt_text":"","src":"https:\/\/i0.wp.com\/www.freidenker.org\/fw17\/wp-content\/uploads\/2017\/11\/Freidenker_Multilogo.jpg?fit=800%2C445&ssl=1&resize=350%2C200","width":350,"height":200,"srcset":"https:\/\/i0.wp.com\/www.freidenker.org\/fw17\/wp-content\/uploads\/2017\/11\/Freidenker_Multilogo.jpg?fit=800%2C445&ssl=1&resize=350%2C200 1x, https:\/\/i0.wp.com\/www.freidenker.org\/fw17\/wp-content\/uploads\/2017\/11\/Freidenker_Multilogo.jpg?fit=800%2C445&ssl=1&resize=525%2C300 1.5x, https:\/\/i0.wp.com\/www.freidenker.org\/fw17\/wp-content\/uploads\/2017\/11\/Freidenker_Multilogo.jpg?fit=800%2C445&ssl=1&resize=700%2C400 2x"},"classes":[]},{"id":1908,"url":"https:\/\/www.freidenker.org\/?page_id=1908","url_meta":{"origin":99,"position":1},"title":"Verbandsorgan FREIDENKER","author":"Webredaktion","date":"21. November 2017","format":false,"excerpt":"Der FREIDENKER ist das viertelj\u00e4hrlich erscheinende Verbandsorgan des Deutschen Freidenker-Verbandes e.V. Jedes Heft ist einem thematischen Schwerpunkt gewidmet und enth\u00e4lt au\u00dferdem die Rubriken Meldungen, Meinungen, Chronik, Aus den Landesverb\u00e4nden, Leserbriefe und B\u00fccher f\u00fcr Freidenker. Die Redaktion ist zu erreichen \u00fcber: Monique Broquard, Am Friedhof 10, 66280 Sulzbach, E-Mail: redaktion@freidenker.de Einen\u2026","rel":"","context":"\u00c4hnlicher Beitrag","block_context":{"text":"\u00c4hnlicher Beitrag","link":""},"img":{"alt_text":"","src":"https:\/\/i0.wp.com\/www.freidenker.org\/fw17\/wp-content\/uploads\/2016\/05\/FD_Komposition_800x445.jpg?fit=800%2C445&ssl=1&resize=350%2C200","width":350,"height":200,"srcset":"https:\/\/i0.wp.com\/www.freidenker.org\/fw17\/wp-content\/uploads\/2016\/05\/FD_Komposition_800x445.jpg?fit=800%2C445&ssl=1&resize=350%2C200 1x, https:\/\/i0.wp.com\/www.freidenker.org\/fw17\/wp-content\/uploads\/2016\/05\/FD_Komposition_800x445.jpg?fit=800%2C445&ssl=1&resize=525%2C300 1.5x, https:\/\/i0.wp.com\/www.freidenker.org\/fw17\/wp-content\/uploads\/2016\/05\/FD_Komposition_800x445.jpg?fit=800%2C445&ssl=1&resize=700%2C400 2x"},"classes":[]},{"id":594,"url":"https:\/\/www.freidenker.org\/?page_id=594","url_meta":{"origin":99,"position":2},"title":"Verbandsvorstand","author":"Webmaster","date":"9. August 2016","format":false,"excerpt":"Gesch\u00e4ftsf\u00fchrender Verbandsvorstand der Freidenker (v.l.): Monique Broquard (Sulzbach\/Saar), Organisations- und Kulturarbeit; Bundesvorsitzender Sebastian Bahlo (Frankfurt\/Main); Kassiererin Regina Silbermann (Chemnitz), Ralf Lux (Potsdam), Interessenvertretung Konfessionsfreier; Stellvertretender Vorsitzender Klaus Hartmann (Offenbach\/Main); Schriftf\u00fchrerin Anke Wittkopp (Hannover).. Kontakt: Deutscher Freidenker-Verband e.V., c\/o Sebastian Bahlo, Postfach 600721, D-60337 Frankfurt am Main, Telefon +49 (0)69 46308639\u2026","rel":"","context":"\u00c4hnlicher Beitrag","block_context":{"text":"\u00c4hnlicher Beitrag","link":""},"img":{"alt_text":"","src":"https:\/\/i0.wp.com\/www.freidenker.org\/fw17\/wp-content\/uploads\/2025\/06\/20250601_1111322_bea_rlx.jpg?fit=1200%2C675&ssl=1&resize=350%2C200","width":350,"height":200,"srcset":"https:\/\/i0.wp.com\/www.freidenker.org\/fw17\/wp-content\/uploads\/2025\/06\/20250601_1111322_bea_rlx.jpg?fit=1200%2C675&ssl=1&resize=350%2C200 1x, https:\/\/i0.wp.com\/www.freidenker.org\/fw17\/wp-content\/uploads\/2025\/06\/20250601_1111322_bea_rlx.jpg?fit=1200%2C675&ssl=1&resize=525%2C300 1.5x, https:\/\/i0.wp.com\/www.freidenker.org\/fw17\/wp-content\/uploads\/2025\/06\/20250601_1111322_bea_rlx.jpg?fit=1200%2C675&ssl=1&resize=700%2C400 2x, https:\/\/i0.wp.com\/www.freidenker.org\/fw17\/wp-content\/uploads\/2025\/06\/20250601_1111322_bea_rlx.jpg?fit=1200%2C675&ssl=1&resize=1050%2C600 3x"},"classes":[]},{"id":604,"url":"https:\/\/www.freidenker.org\/?page_id=604","url_meta":{"origin":99,"position":3},"title":"Referenten","author":"Webmaster","date":"9. August 2016","format":false,"excerpt":"Referent Weltanschauungsfragen Thomas Loch, Quedlinburg E-Mail: t.loch@freidenker.org Referentin Frieden und Internationales Christel Buchinger, Gersheim E-Mail: c.buchinger@freidenker.org Referent Freidenker-Geschichte Michael Velten, Magdeburg E-Mail: m.velten@freidenker.org Referent Webprojekte Jens Oldenburg, Potsdam Postfach 60 12 09, D-14412 Potsdam Telefon +49 (0)331 2797269 (AB) E-Mail webmaster@freidenker.org Referent Kasse Gegenseitige Hilfe Bernd Raths Mark-Aurel-Str. 1, D-\u2026","rel":"","context":"\u00c4hnlicher Beitrag","block_context":{"text":"\u00c4hnlicher Beitrag","link":""},"img":{"alt_text":"","src":"https:\/\/i0.wp.com\/www.freidenker.org\/fw17\/wp-content\/uploads\/2016\/08\/man-1020387_800x445.jpg?fit=800%2C445&ssl=1&resize=350%2C200","width":350,"height":200,"srcset":"https:\/\/i0.wp.com\/www.freidenker.org\/fw17\/wp-content\/uploads\/2016\/08\/man-1020387_800x445.jpg?fit=800%2C445&ssl=1&resize=350%2C200 1x, https:\/\/i0.wp.com\/www.freidenker.org\/fw17\/wp-content\/uploads\/2016\/08\/man-1020387_800x445.jpg?fit=800%2C445&ssl=1&resize=525%2C300 1.5x, https:\/\/i0.wp.com\/www.freidenker.org\/fw17\/wp-content\/uploads\/2016\/08\/man-1020387_800x445.jpg?fit=800%2C445&ssl=1&resize=700%2C400 2x"},"classes":[]},{"id":8959,"url":"https:\/\/www.freidenker.org\/?page_id=8959","url_meta":{"origin":99,"position":4},"title":"Datenschutzordnung","author":"Webredaktion","date":"6. Dezember 2020","format":false,"excerpt":"\u00a0 Datenschutzordnung des Deutschen Freidenker-Verbandes e.V.\u00a0 im PDF-Format (ca. 41 KB) Deutscher Freidenker-Verband Verbandsvorstand \u00a0 Datenschutzordnung Letzte Fassung beschlossen am 3.10.2020 \u00a0 I Rechtsgrundlagen Diese Datenschutzordnung dient der Sicherstellung des rechtskonformen Umgangs mitpersonenbezogenen Daten durch die Organe des Deutschen Freidenker-Verbands (DFV), insbesondere im Sinne der EU-Datenschutzgrundverordnung (DSGVO) und des Bundesdatenschutzgesetzes\u2026","rel":"","context":"\u00c4hnlicher Beitrag","block_context":{"text":"\u00c4hnlicher Beitrag","link":""},"img":{"alt_text":"","src":"https:\/\/i0.wp.com\/www.freidenker.org\/fw17\/wp-content\/uploads\/2020\/12\/privacy-policy-2117996_800x450.jpg?fit=800%2C450&ssl=1&resize=350%2C200","width":350,"height":200,"srcset":"https:\/\/i0.wp.com\/www.freidenker.org\/fw17\/wp-content\/uploads\/2020\/12\/privacy-policy-2117996_800x450.jpg?fit=800%2C450&ssl=1&resize=350%2C200 1x, https:\/\/i0.wp.com\/www.freidenker.org\/fw17\/wp-content\/uploads\/2020\/12\/privacy-policy-2117996_800x450.jpg?fit=800%2C450&ssl=1&resize=525%2C300 1.5x, https:\/\/i0.wp.com\/www.freidenker.org\/fw17\/wp-content\/uploads\/2020\/12\/privacy-policy-2117996_800x450.jpg?fit=800%2C450&ssl=1&resize=700%2C400 2x"},"classes":[]},{"id":2507,"url":"https:\/\/www.freidenker.org\/?page_id=2507","url_meta":{"origin":99,"position":5},"title":"Mitglied oder F\u00f6rdermitglied im Deutschen Freidenker-Verband e. V. werden","author":"Webredaktion","date":"9. Dezember 2017","format":false,"excerpt":"Freies Denken ist nicht nur Privatsache. Wer sich gegen Gehirnw\u00e4sche und Volksverdummung durch Medien, Geheimdienste, Milit\u00e4r, diversen Stiftungen, Kirchen usw. gemeinsam mit anderen zur Wehr setzen will, ist im Deutschen Freidenker-Verband willkommen. Aufnahmeantrag * (ca. 84 KB) f\u00fcr den Deutschen Freidenker-Verband e. V. auf dem Computer speichern, ausf\u00fcllen und per\u2026","rel":"","context":"\u00c4hnlicher Beitrag","block_context":{"text":"\u00c4hnlicher Beitrag","link":""},"img":{"alt_text":"","src":"https:\/\/i0.wp.com\/www.freidenker.org\/fw17\/wp-content\/uploads\/2017\/11\/Freidenker_Multilogo_grau.jpg?fit=800%2C445&ssl=1&resize=350%2C200","width":350,"height":200,"srcset":"https:\/\/i0.wp.com\/www.freidenker.org\/fw17\/wp-content\/uploads\/2017\/11\/Freidenker_Multilogo_grau.jpg?fit=800%2C445&ssl=1&resize=350%2C200 1x, https:\/\/i0.wp.com\/www.freidenker.org\/fw17\/wp-content\/uploads\/2017\/11\/Freidenker_Multilogo_grau.jpg?fit=800%2C445&ssl=1&resize=525%2C300 1.5x, https:\/\/i0.wp.com\/www.freidenker.org\/fw17\/wp-content\/uploads\/2017\/11\/Freidenker_Multilogo_grau.jpg?fit=800%2C445&ssl=1&resize=700%2C400 2x"},"classes":[]}],"_links":{"self":[{"href":"https:\/\/www.freidenker.org\/index.php?rest_route=\/wp\/v2\/pages\/99","targetHints":{"allow":["GET"]}}],"collection":[{"href":"https:\/\/www.freidenker.org\/index.php?rest_route=\/wp\/v2\/pages"}],"about":[{"href":"https:\/\/www.freidenker.org\/index.php?rest_route=\/wp\/v2\/types\/page"}],"author":[{"embeddable":true,"href":"https:\/\/www.freidenker.org\/index.php?rest_route=\/wp\/v2\/users\/2"}],"replies":[{"embeddable":true,"href":"https:\/\/www.freidenker.org\/index.php?rest_route=%2Fwp%2Fv2%2Fcomments&post=99"}],"version-history":[{"count":5,"href":"https:\/\/www.freidenker.org\/index.php?rest_route=\/wp\/v2\/pages\/99\/revisions"}],"predecessor-version":[{"id":24730,"href":"https:\/\/www.freidenker.org\/index.php?rest_route=\/wp\/v2\/pages\/99\/revisions\/24730"}],"up":[{"embeddable":true,"href":"https:\/\/www.freidenker.org\/index.php?rest_route=\/wp\/v2\/pages\/1908"}],"wp:featuredmedia":[{"embeddable":true,"href":"https:\/\/www.freidenker.org\/index.php?rest_route=\/wp\/v2\/media\/2472"}],"wp:attachment":[{"href":"https:\/\/www.freidenker.org\/index.php?rest_route=%2Fwp%2Fv2%2Fmedia&parent=99"}],"curies":[{"name":"wp","href":"https:\/\/api.w.org\/{rel}","templated":true}]}}