{"id":604,"date":"2016-08-09T18:00:56","date_gmt":"2016-08-09T16:00:56","guid":{"rendered":"http:\/\/www.freidenker.org\/fw17\/?page_id=604"},"modified":"2025-08-21T21:40:08","modified_gmt":"2025-08-21T19:40:08","slug":"referenten","status":"publish","type":"page","link":"https:\/\/www.freidenker.org\/?page_id=604","title":{"rendered":"Referenten"},"content":{"rendered":"<p><strong>Referent Weltanschauungsfragen<\/strong><br \/>\n<strong>Thomas Loch, Quedlinburg<\/strong><\/p>\n<p>E-Mail: <a href=\"mailto:t.loch@freidenker.org\">t.loch@freidenker.org<\/a><\/p>\n<hr \/>\n<p><strong>Referentin Frieden und Internationales<\/strong><br \/>\n<strong>Christel Buchinger, Gersheim<\/strong><\/p>\n<p>E-Mail: <a href=\"mailto:c.buchinger@freidenker.org\">c.buchinger@freidenker.org<\/a><\/p>\n<hr \/>\n<p><strong>Referent Freidenker-Geschichte<\/strong><br \/>\n<strong>Michael Velten, Magdeburg<\/strong><\/p>\n<p>E-Mail: <a href=\"mailto:m.velten@freidenker.org\">m.velten@freidenker.org<\/a><\/p>\n<hr \/>\n<p><strong>Referent Webprojekte<\/strong><br \/>\n<strong>Jens Oldenburg, Potsdam<br \/>\n<\/strong>Postfach 60 12 09, D-14412 Potsdam<br \/>\nTelefon +49 (0)331 2797269 (AB)<br \/>\nE-Mail <a href=\"mailto:webmaster@freidenker.org\">webmaster@freidenker.org<\/a><\/p>\n<hr \/>\n<p><strong>Referent Kasse Gegenseitige Hilfe<\/strong><br \/>\n<strong>Bernd Raths<\/strong><br \/>\nMark-Aurel-Str. 1, D- 60439 Frankfurt<br \/>\nTelefon +49 (0)69 854515<br \/>\nE-Mail\u00a0<a href=\"mailto:gegenseitige-hilfe@freidenker.de\">gegenseitige-hilfe@freidenker.de<\/a><br \/>\nE-Mail: <a href=\"mailto:b.raths@freidenker.de\">b.raths@freidenker.de<\/a><\/p>\n<hr \/>\n<p><strong>Beirat des Deutschen Freidenker-Verbandes e.V.<\/strong><\/p>\n<p>E-Mail: <a href=\"mailto:dfv-beirat@freidenker.org\">dfv-beirat@freidenker.org<\/a><\/p>\n<p>&nbsp;<\/p>\n","protected":false},"excerpt":{"rendered":"<p>Referent Weltanschauungsfragen Thomas Loch, Quedlinburg E-Mail: t.loch@freidenker.org Referentin Frieden und Internationales Christel Buchinger, Gersheim E-Mail: c.buchinger@freidenker.org Referent Freidenker-Geschichte Michael Velten,<\/p>\n","protected":false},"author":2,"featured_media":1566,"parent":1906,"menu_order":8,"comment_status":"closed","ping_status":"closed","template":"","meta":{"colormag_page_container_layout":"default_layout","colormag_page_sidebar_layout":"default_layout","advanced_seo_description":"","jetpack_seo_html_title":"","jetpack_seo_noindex":false,"jetpack_post_was_ever_published":false,"footnotes":""},"class_list":["post-604","page","type-page","status-publish","has-post-thumbnail","hentry"],"jetpack_shortlink":"https:\/\/wp.me\/P9stpK-9K","jetpack-related-posts":[{"id":608,"url":"https:\/\/www.freidenker.org\/?page_id=608","url_meta":{"origin":604,"position":0},"title":"Landesverb\u00e4nde","author":"Webmaster","date":"9. August 2016","format":false,"excerpt":"Landes- und Mitgliedsverb\u00e4nde des Deutschen Freidenker-Verbandes e.V. Baden-W\u00fcrttemberg Bayern Berlin Brandenburg DFV Nord: Bremen, Hamburg, Mecklenburg-Vorpommern, Schleswig-Holstein Hessen Niedersachsen Nordrhein-Westfalen Rheinland-Pfalz, Saarland Sachsen Sachsen-Anhalt Th\u00fcringen \u00a0 \u00a0 Baden-W\u00fcrttemberg Ian Bailey Ringstr. 11, D-69115 Heidelberg Telefon +49 (0)6221 165722 E-Mail\u00a0dfv-baden-wuerttemberg@freidenker.org Web www.baden-wuerttemberg.freidenker.org Bayern Birgit Ludwig c\/o Senioren- und Pflegeheim Ludwig Feuerbach\u2026","rel":"","context":"\u00c4hnlicher Beitrag","block_context":{"text":"\u00c4hnlicher Beitrag","link":""},"img":{"alt_text":"","src":"https:\/\/i0.wp.com\/www.freidenker.org\/fw17\/wp-content\/uploads\/2017\/11\/Freidenker_Multilogo.jpg?fit=800%2C445&ssl=1&resize=350%2C200","width":350,"height":200,"srcset":"https:\/\/i0.wp.com\/www.freidenker.org\/fw17\/wp-content\/uploads\/2017\/11\/Freidenker_Multilogo.jpg?fit=800%2C445&ssl=1&resize=350%2C200 1x, https:\/\/i0.wp.com\/www.freidenker.org\/fw17\/wp-content\/uploads\/2017\/11\/Freidenker_Multilogo.jpg?fit=800%2C445&ssl=1&resize=525%2C300 1.5x, https:\/\/i0.wp.com\/www.freidenker.org\/fw17\/wp-content\/uploads\/2017\/11\/Freidenker_Multilogo.jpg?fit=800%2C445&ssl=1&resize=700%2C400 2x"},"classes":[]},{"id":594,"url":"https:\/\/www.freidenker.org\/?page_id=594","url_meta":{"origin":604,"position":1},"title":"Verbandsvorstand","author":"Webmaster","date":"9. August 2016","format":false,"excerpt":"Gesch\u00e4ftsf\u00fchrender Verbandsvorstand der Freidenker (v.l.): Monique Broquard (Sulzbach\/Saar), Organisations- und Kulturarbeit; Bundesvorsitzender Sebastian Bahlo (Frankfurt\/Main); Kassiererin Regina Silbermann (Chemnitz), Ralf Lux (Potsdam), Interessenvertretung Konfessionsfreier; Stellvertretender Vorsitzender Klaus Hartmann (Offenbach\/Main); Schriftf\u00fchrerin Anke Wittkopp (Hannover).. Kontakt: Deutscher Freidenker-Verband e.V., c\/o Sebastian Bahlo, Postfach 600721, D-60337 Frankfurt am Main, Telefon +49 (0)69 46308639\u2026","rel":"","context":"\u00c4hnlicher Beitrag","block_context":{"text":"\u00c4hnlicher Beitrag","link":""},"img":{"alt_text":"","src":"https:\/\/i0.wp.com\/www.freidenker.org\/fw17\/wp-content\/uploads\/2025\/06\/20250601_1111322_bea_rlx.jpg?fit=1200%2C675&ssl=1&resize=350%2C200","width":350,"height":200,"srcset":"https:\/\/i0.wp.com\/www.freidenker.org\/fw17\/wp-content\/uploads\/2025\/06\/20250601_1111322_bea_rlx.jpg?fit=1200%2C675&ssl=1&resize=350%2C200 1x, https:\/\/i0.wp.com\/www.freidenker.org\/fw17\/wp-content\/uploads\/2025\/06\/20250601_1111322_bea_rlx.jpg?fit=1200%2C675&ssl=1&resize=525%2C300 1.5x, https:\/\/i0.wp.com\/www.freidenker.org\/fw17\/wp-content\/uploads\/2025\/06\/20250601_1111322_bea_rlx.jpg?fit=1200%2C675&ssl=1&resize=700%2C400 2x, https:\/\/i0.wp.com\/www.freidenker.org\/fw17\/wp-content\/uploads\/2025\/06\/20250601_1111322_bea_rlx.jpg?fit=1200%2C675&ssl=1&resize=1050%2C600 3x"},"classes":[]},{"id":863,"url":"https:\/\/www.freidenker.org\/?page_id=863","url_meta":{"origin":604,"position":2},"title":"Kontakt","author":"Webmaster","date":"18. August 2016","format":false,"excerpt":"Wenn Sie Kontakt* zu uns aufnehmen wollen, schreiben Sie bitte eine E-Mail an: kontakt@freidenker.de Oder f\u00fcllen Sie nachfolgendes Formular aus und klicken Sie auf \"Senden\": Bitte beachten Sie unsere weiteren Benutzungshinweise. Hinweise Bitte beachten Sie unsere Datenschutzerkl\u00e4rung. Wenn Sie \u00fcber eine abgesicherte Transportverbindung (TLS- \/ SSL-Verbindung) zu uns Kontakt aufnehmen\u2026","rel":"","context":"\u00c4hnlicher Beitrag","block_context":{"text":"\u00c4hnlicher Beitrag","link":""},"img":{"alt_text":"","src":"https:\/\/i0.wp.com\/www.freidenker.org\/fw17\/wp-content\/uploads\/2016\/08\/email-523215_800x445.jpg?fit=800%2C444&ssl=1&resize=350%2C200","width":350,"height":200,"srcset":"https:\/\/i0.wp.com\/www.freidenker.org\/fw17\/wp-content\/uploads\/2016\/08\/email-523215_800x445.jpg?fit=800%2C444&ssl=1&resize=350%2C200 1x, https:\/\/i0.wp.com\/www.freidenker.org\/fw17\/wp-content\/uploads\/2016\/08\/email-523215_800x445.jpg?fit=800%2C444&ssl=1&resize=525%2C300 1.5x, https:\/\/i0.wp.com\/www.freidenker.org\/fw17\/wp-content\/uploads\/2016\/08\/email-523215_800x445.jpg?fit=800%2C444&ssl=1&resize=700%2C400 2x"},"classes":[]},{"id":74,"url":"https:\/\/www.freidenker.org\/?page_id=74","url_meta":{"origin":604,"position":3},"title":"Impressum","author":"Webmaster","date":"13. Mai 2016","format":false,"excerpt":"Herausgeber und Ansprechpartner Deutscher Freidenker-Verband e.V. c\/o Sebastian Bahlo Postfach 600721, D-60337 Frankfurt am Main Telefon +49 (0)69 46308639 kontakt@freidenker.de Der Deutsche Freidenker-Verband e.V. ist beim Amtsgericht Dortmund mit der Registernummer 1702 eingetragen. Webredaktion Sebastian Bahlo Klaus Hartmann Ralf Lux Jens Oldenburg Klaus von Raussendorff webredaktion@freidenker.org F\u00fcr unaufgefordert eingesandte Artikel,\u2026","rel":"","context":"\u00c4hnlicher Beitrag","block_context":{"text":"\u00c4hnlicher Beitrag","link":""},"img":{"alt_text":"","src":"https:\/\/i0.wp.com\/www.freidenker.org\/fw17\/wp-content\/uploads\/2016\/05\/imprint-2508606_800x445.jpg?fit=800%2C445&ssl=1&resize=350%2C200","width":350,"height":200,"srcset":"https:\/\/i0.wp.com\/www.freidenker.org\/fw17\/wp-content\/uploads\/2016\/05\/imprint-2508606_800x445.jpg?fit=800%2C445&ssl=1&resize=350%2C200 1x, https:\/\/i0.wp.com\/www.freidenker.org\/fw17\/wp-content\/uploads\/2016\/05\/imprint-2508606_800x445.jpg?fit=800%2C445&ssl=1&resize=525%2C300 1.5x, https:\/\/i0.wp.com\/www.freidenker.org\/fw17\/wp-content\/uploads\/2016\/05\/imprint-2508606_800x445.jpg?fit=800%2C445&ssl=1&resize=700%2C400 2x"},"classes":[]},{"id":77,"url":"https:\/\/www.freidenker.org\/?page_id=77","url_meta":{"origin":604,"position":4},"title":"Mitmachen","author":"Webmaster","date":"13. Mai 2016","format":false,"excerpt":"Freies Denken ist nicht nur Privatsache. Wer sich gegen Gehirnw\u00e4sche und Volksverdummung durch Medien, Geheimdienste, Milit\u00e4r, diversen Stiftungen, Kirchen usw. gemeinsam mit anderen zur Wehr setzen will, ist im Deutschen Freidenker-Verband willkommen. Mitglied oder F\u00f6rdermitglied im Deutschen Freidenker-Verband e. V. werden Mitgliedsantrag f\u00fcr den Deutschen Freidenker-Verband e. V. auf dem\u2026","rel":"","context":"\u00c4hnlicher Beitrag","block_context":{"text":"\u00c4hnlicher Beitrag","link":""},"img":{"alt_text":"","src":"https:\/\/i0.wp.com\/www.freidenker.org\/fw17\/wp-content\/uploads\/2017\/11\/Freidenker_Multilogo.jpg?fit=800%2C445&ssl=1&resize=350%2C200","width":350,"height":200,"srcset":"https:\/\/i0.wp.com\/www.freidenker.org\/fw17\/wp-content\/uploads\/2017\/11\/Freidenker_Multilogo.jpg?fit=800%2C445&ssl=1&resize=350%2C200 1x, https:\/\/i0.wp.com\/www.freidenker.org\/fw17\/wp-content\/uploads\/2017\/11\/Freidenker_Multilogo.jpg?fit=800%2C445&ssl=1&resize=525%2C300 1.5x, https:\/\/i0.wp.com\/www.freidenker.org\/fw17\/wp-content\/uploads\/2017\/11\/Freidenker_Multilogo.jpg?fit=800%2C445&ssl=1&resize=700%2C400 2x"},"classes":[]},{"id":1908,"url":"https:\/\/www.freidenker.org\/?page_id=1908","url_meta":{"origin":604,"position":5},"title":"Verbandsorgan FREIDENKER","author":"Webredaktion","date":"21. November 2017","format":false,"excerpt":"Der FREIDENKER ist das viertelj\u00e4hrlich erscheinende Verbandsorgan des Deutschen Freidenker-Verbandes e.V. Jedes Heft ist einem thematischen Schwerpunkt gewidmet und enth\u00e4lt au\u00dferdem die Rubriken Meldungen, Meinungen, Chronik, Aus den Landesverb\u00e4nden, Leserbriefe und B\u00fccher f\u00fcr Freidenker. Die Redaktion ist zu erreichen \u00fcber: Monique Broquard, Am Friedhof 10, 66280 Sulzbach, E-Mail: redaktion@freidenker.de Einen\u2026","rel":"","context":"\u00c4hnlicher Beitrag","block_context":{"text":"\u00c4hnlicher Beitrag","link":""},"img":{"alt_text":"","src":"https:\/\/i0.wp.com\/www.freidenker.org\/fw17\/wp-content\/uploads\/2016\/05\/FD_Komposition_800x445.jpg?fit=800%2C445&ssl=1&resize=350%2C200","width":350,"height":200,"srcset":"https:\/\/i0.wp.com\/www.freidenker.org\/fw17\/wp-content\/uploads\/2016\/05\/FD_Komposition_800x445.jpg?fit=800%2C445&ssl=1&resize=350%2C200 1x, https:\/\/i0.wp.com\/www.freidenker.org\/fw17\/wp-content\/uploads\/2016\/05\/FD_Komposition_800x445.jpg?fit=800%2C445&ssl=1&resize=525%2C300 1.5x, https:\/\/i0.wp.com\/www.freidenker.org\/fw17\/wp-content\/uploads\/2016\/05\/FD_Komposition_800x445.jpg?fit=800%2C445&ssl=1&resize=700%2C400 2x"},"classes":[]}],"_links":{"self":[{"href":"https:\/\/www.freidenker.org\/index.php?rest_route=\/wp\/v2\/pages\/604","targetHints":{"allow":["GET"]}}],"collection":[{"href":"https:\/\/www.freidenker.org\/index.php?rest_route=\/wp\/v2\/pages"}],"about":[{"href":"https:\/\/www.freidenker.org\/index.php?rest_route=\/wp\/v2\/types\/page"}],"author":[{"embeddable":true,"href":"https:\/\/www.freidenker.org\/index.php?rest_route=\/wp\/v2\/users\/2"}],"replies":[{"embeddable":true,"href":"https:\/\/www.freidenker.org\/index.php?rest_route=%2Fwp%2Fv2%2Fcomments&post=604"}],"version-history":[{"count":3,"href":"https:\/\/www.freidenker.org\/index.php?rest_route=\/wp\/v2\/pages\/604\/revisions"}],"predecessor-version":[{"id":22635,"href":"https:\/\/www.freidenker.org\/index.php?rest_route=\/wp\/v2\/pages\/604\/revisions\/22635"}],"up":[{"embeddable":true,"href":"https:\/\/www.freidenker.org\/index.php?rest_route=\/wp\/v2\/pages\/1906"}],"wp:featuredmedia":[{"embeddable":true,"href":"https:\/\/www.freidenker.org\/index.php?rest_route=\/wp\/v2\/media\/1566"}],"wp:attachment":[{"href":"https:\/\/www.freidenker.org\/index.php?rest_route=%2Fwp%2Fv2%2Fmedia&parent=604"}],"curies":[{"name":"wp","href":"https:\/\/api.w.org\/{rel}","templated":true}]}}